560 = -8*d - 11*d. What is the hundreds digit of d?
2
Let c(l) = 141*l + 41. What is the units digit of c(4)?
5
Let c = -41 - -29. What is the tens digit of c/6 + 1 + 63?
6
Let g = -356 - -626. Let f = 35 - g. What is the tens digit of (1/(-1))/(5/f)?
4
Let i = -161 + 50. Let k = -61 - i. What is the units digit of k?
0
Suppose -o + 4 = -5*o, -4*o = 5*l - 11. Suppose -5*f + 8*p = 3*p - 535, l*p - 442 = -4*f. What is the units digit of f?
9
Let o be ((-2)/(-11) + 376/352)*52. Let z = 264 - o. What is the tens digit of z?
9
What is the hundreds digit of (344/(-24))/(4/(-48))?
1
Let z(j) = 3*j**2 - 6*j - 2. Let k be z(3). What is the units digit of (-1 + -1)/(k/(357/(-6)))?
7
Suppose 5*l = -m + 1, 6*m - 11*m = 5*l + 15. What is the hundreds digit of l/2 - (-219)/2?
1
Let v(y) = -5*y**2 + y - 3. Let k(u) = 4*u**2 - 2*u + 2. Let o(t) = 4*k(t) + 3*v(t). Let z be o(6). Suppose 297 = z*h + 97. What is the tens digit of h?
4
What is the units digit of 16/(-64) - 663/(-12)?
5
Let b = -36 + 58. Let i = b + -8. Let q(d) = d**2 - 10*d - 15. What is the tens digit of q(i)?
4
What is the hundreds digit of -1*2/(-6) - (-9956)/57?
1
Let x = 25 + -18. Suppose 0 = -4*i + x*i - 12. Suppose -6*q = i*t - q - 81, -q = -4*t + 51. What is the units digit of t?
4
Let w(t) = t**2 + 13*t + 13. Suppose q + 2 = -11. Let h = 1 + q. What is the units digit of w(h)?
1
Let p(l) = -l**2 + 4*l - 13. Let m(j) = j + 2. Let c(n) = 5*m(n) + p(n). Let d be (-40)/(-6) + (-2)/3. What is the units digit of c(d)?
5
Let q = 77 + -73. Suppose -720 = q*j - 14*j. What is the tens digit of j?
7
Suppose -3*l = -5*y - 3, 2*y + 4*l = -32 + 10. Let d(v) = 16*v**2 - 3*v - 5. What is the hundreds digit of d(y)?
1
Let n(m) = -8*m**2 + 8 - 5*m**2 + 4*m**2 - 6*m - m**3. What is the tens digit of n(-9)?
6
Suppose 3*o + 2*o = -o. Suppose o = -7*z - 2*z + 18. What is the units digit of z?
2
Let r = -135 - -211. Suppose -5*w + 109 = 3*l, 3*l + 4*w = l + r. What is the tens digit of l?
2
Suppose -5*t = -z - 8175, -3*t = 5*z - 7*z - 4905. What is the hundreds digit of t?
6
Suppose -5*h = 5*n + 15, -2*h - 3*n = -5*n + 18. Let q = h + 9. Suppose 7*d = 4*d - 4*t + 13, q*d - 19 = -t. What is the units digit of d?
7
Suppose 13*u - 3*l - 741 = 12*u, 12 = 4*l. What is the units digit of u?
0
Suppose 3*w + 21 = -4*f, -4*f - 2*w = -0 + 22. Suppose 0 = -8*u + 3*u + 770. What is the tens digit of (-1 + (-9)/f)*u?
7
Let k(j) = -165*j**2 - 26*j - 14. Let s(l) = 55*l**2 + 9*l + 5. Let r(t) = -6*k(t) - 17*s(t). What is the tens digit of r(1)?
5
Let m be (4/3)/(1/3). Suppose -m*g + 716 = -328. What is the tens digit of g?
6
Let m(j) = -j**2 - 7*j + 47. Let h be m(-11). Suppose -5*a - 58 + 982 = h*d, 3*d + 750 = 4*a. What is the hundreds digit of a?
1
Suppose 0*w + 4*w = 0. Suppose -7*d - 4*j = -2*d, w = -d + 4*j. What is the units digit of 1 - (-2 + 2 - d)?
1
Let z(h) = h**3 - 12*h**2 + 5*h - 15. Let b(x) = -x - 5. Let s be b(-12). Suppose s*a - 4*w = 3*a + 48, 2*a - 24 = -2*w. What is the units digit of z(a)?
5
Suppose 4*p - 2*q = -0*q + 30, -p + 25 = -4*q. Suppose -p*a = -2*x - 0*x - 291, a + 2*x = 63. What is the tens digit of a?
5
Suppose 0 = -5*a - 3*i + 1180, 2*i = -a + 200 + 43. What is the hundreds digit of a?
2
What is the units digit of (67/(-3))/(11/(-429))?
1
Let p(t) = 2 + 2*t + 4 + 4 - t**2. Let a be p(0). Suppose a*w - 78 = 4*w. What is the tens digit of w?
1
Let v(c) = -17*c + 4. What is the tens digit of v(-61)?
4
Let z = 7 + -3. Suppose 0 = -5*d - z*q - 396, 3*d - 20 + 262 = 2*q. What is the units digit of 78/8*d/(-15)?
2
Suppose 4 = -5*u - t - 0, 12 = 2*u - 3*t. Suppose -5*c + 3*w + 1176 - 201 = u, -4*w + 585 = 3*c. What is the hundreds digit of c?
1
Let g = 462 - -2060. What is the thousands digit of g?
2
Let r be (-4)/(-10) - 16/40. Suppose k + 2*k + 84 = r. Let m = k - -80. What is the units digit of m?
2
Let n(c) = 100*c**2 - 10*c + 7. What is the thousands digit of n(-4)?
1
Let u(s) = s**3 + 9*s**2 + 11*s + 15. Let g be u(-8). What is the tens digit of (-618)/g - 2/3?
6
Let q = -1201 + 1981. What is the hundreds digit of q?
7
What is the tens digit of (2951 + 6)*1 - (-4 + 4)?
5
What is the thousands digit of -7 + 4 - (1 + 16601)/(-6)?
2
Let s = 92 - 86. What is the hundreds digit of (-858)/9*s/(-4)?
1
Suppose -3*l = 5*c - 8, 3*l + 5 + 23 = 4*c. Suppose -76 = c*p - 8*p. What is the units digit of p?
9
Let u(c) = 65*c**2 - 2*c - 1. Let k(z) = 130*z**2 - 4*z - 2. Let t(w) = -2*k(w) + 5*u(w). What is the tens digit of t(1)?
6
Let b(c) = -c**3 + 17*c**2 + 7*c - 22. What is the units digit of b(8)?
0
Suppose -1274 = 6*a + 376. Let y = a + 410. What is the tens digit of y?
3
Let n = 22 + -22. Let x(m) = -m + 37. What is the tens digit of x(n)?
3
Let v = 8 + 149. What is the hundreds digit of v?
1
Let v = -297 - -535. What is the tens digit of v?
3
Suppose 4*o - 4 = -0. Let f(t) = 2*t**2 + 2*t - 2. Let g be f(o). What is the units digit of 416/6 + g/3?
0
Let h(g) = -2*g**3 + 7*g**2 - g + 17. Let y(q) = -q**3 - q. Let t(b) = -h(b) + 3*y(b). Let r be t(-7). What is the units digit of 6/(-2)*56/r?
6
Suppose 2*r - 20 = -4. Let g(t) = t**3 - t**2 + 1. Let b(p) = -p**3 - 7*p**2 + 9*p + 1. Let o(z) = b(z) + 2*g(z). What is the units digit of o(r)?
1
Let b(j) = -89*j - 26. What is the units digit of b(-6)?
8
Let z = 548 - 295. What is the hundreds digit of z?
2
Let o be (6/(-15))/((-2)/(-10)). Let c be 1/o*(6 + 10). What is the tens digit of 45 + (c/(-1))/(-2)?
4
Let d(v) be the first derivative of 7 - 4 - 4*v**2 + 17*v**2. What is the units digit of d(1)?
6
What is the units digit of (-9)/45 - (-4556)/5?
1
Let x be 112/49 - 2/7. Suppose x*m = 4*j - 2, -j + 0*m = m + 1. Suppose -6*a + 80 + 40 = j. What is the units digit of a?
0
Let v(t) = t**3 - t**2 - 1. Let u(m) = -m + 2*m + 2*m**3 - 3 - 1 + m + 7*m**2. Let n(g) = u(g) - 3*v(g). What is the tens digit of n(10)?
1
Let i(p) = -5 + p**2 + 4*p + 1 - 3. Suppose 3*w + 2*j = 4*j - 24, -6 = -w - 4*j. What is the units digit of i(w)?
5
Let g(v) = 2*v - 18. Let p be g(14). Suppose -p*z = -14*z + 52. Suppose 14 + z = o. What is the tens digit of o?
2
Let n be 94/(-12) + 275/330. Let h(r) be the first derivative of r**3/3 - 2*r**2 - 9*r - 2. What is the tens digit of h(n)?
6
Let a be 2 - 552/(-39) - (-2)/(-13). Let y(b) = b**2 - 10*b + 7. Let h be y(9). Let s = a - h. What is the units digit of s?
8
Let y = 2 - 0. Suppose -y*v + 3*s - 1 = 0, -v - s + 13 = 2*s. What is the units digit of 1 + 39 + -1 + v?
3
Suppose 4*y = 3*p + 3661, 3*y + 2*p - 1267 = 1466. What is the units digit of y?
3
Suppose 5*m + 2 = 6*m. Suppose m*x - 7*x = -215. What is the units digit of x?
3
Let x = 9 - 5. What is the hundreds digit of (2/x)/((-3)/(-840))?
1
Suppose 3*l - 15 = 0, 202*n + 3*l = 204*n - 65. What is the units digit of n?
0
Suppose -132 = -73*v + 71*v. Let y = 250 - v. What is the units digit of y?
4
Let r = 24 - 24. Suppose -j = -r - 5. What is the tens digit of 15 - 2 - (j + -2)?
1
Let q be (156/14)/(2/14). Suppose 11*n = 9*n + q. What is the units digit of n?
9
Let m be ((-4)/6)/((-2)/3). Suppose 7 = -o - m. Let i = 4 - o. What is the units digit of i?
2
Suppose 4 = 3*x - 4*x. Let d be 114/(-8) - 1/x. Let m(s) = -s**2 - 15*s - 5. What is the units digit of m(d)?
9
Let f(p) be the third derivative of p**5/6 - p**3/6 + 4*p**2. Let x be (27/18)/(3/2). What is the units digit of f(x)?
9
Suppose 3*c + 33 = -3. Let f(u) = -11*u + 60. What is the tens digit of f(c)?
9
Suppose 0 = 4*s - h - 18, 3*h = 4*s - 0*s - 14. Suppose -w + s*w = -20, 5*p = -5*w + 905. What is the units digit of p?
6
Let i = -57 - 19. Let s be 1/((-230)/i - 3). Suppose 102 + s = 5*x. What is the tens digit of x?
2
Let x(c) be the first derivative of 5*c**3/3 - c - 36. What is the units digit of x(2)?
9
Suppose 4*k - 16 = 0, -f - f = -2*k - 28. Suppose 23*t - 280 = f*t. What is the units digit of t?
6
Suppose 0 = 4*i + 91 - 11. Let y = i + 22. Suppose -9 = -v - 4*w, 5*v - y*v - 5*w = 61. What is the tens digit of v?
1
Let w be (-1 + 0)/(5*2/70). Let n = w - -114. What is the units digit of n?
7
Let j be 2/8 + 180/48. Suppose j*u - 129 = -13. What is the units digit of u?
9
Suppose j = -j - 2*n - 8, -4*j - n = 28. Let t be j/20 - 13/5. What is the units digit of t*(-14 + 0 - 2)?
8
Suppose 48 = -5*s + 17*s. Suppose -m